e tens digit of 124/x*12/(-8)?
3
Suppose 4*k - 12 = -0*k. Suppose 4*r = -k*o + 54, -3*o - 5*r - 21 = -75. Suppose -p - o = -3*p. What is the units digit of p?
9
Suppose -2*k = -0*k + 6. Let v = k + 16. What is the units digit of v?
3
Suppose j = 5*j - 376. What is the tens digit of j?
9
Let n be ((-8)/10)/(3/(-75)). Suppose 3*d + 3*m - 13 = d, 4*m - n = -4*d. Suppose -d*z - 4*v = -20, -z = 3*v - 5*v + 2. What is the units digit of z?
4
Let b be (-3 - -4)/((-1)/(-12)). Suppose 0 = 5*n + z - 6, 0*n + 2*n - 2*z = b. Suppose -9 = -y + n. What is the tens digit of y?
1
Let j(x) = 0*x**3 - 4*x**2 + 12*x + 11*x**2 - x**3 - 11. What is the tens digit of j(8)?
2
Suppose 0 = 2*m - 5*m - 9. Let n(s) = -s - 3. Let a be n(m). Suppose 3*x - 10 - 2 = a. What is the units digit of x?
4
Let l be ((-32)/(-40))/(4/10). Let r = 2 + l. What is the units digit of r?
4
Let m(z) = -4*z + 11. Let n be m(3). Let d be -1 - (-1 - -2)*-3. What is the units digit of -3*d*n - 0?
6
Let z(d) be the third derivative of d**4/6 + d**3/6 + 2*d**2. What is the tens digit of z(3)?
1
Let c be ((-30)/18)/((-2)/(-6)). What is the units digit of (5/c)/(2/(-14))?
7
Let x(t) = 3*t**2 - t. Let z(d) = -d - 2. Let q be z(-3). What is the units digit of x(q)?
2
Suppose -4*n + 38 = -14. Suppose -4*o - 8 + 0 = 0, -3*m - 4*o = -16. Let d = n - m. What is the units digit of d?
5
Let x(i) = -i**2 + 6*i + 9. Let a be x(7). Suppose 16 = -0*f + a*f. What is the units digit of f?
8
Suppose -4*u + 125 = u. Suppose 0 = 2*f - 0*f - 10. Suppose 3*k - 10 = c + 1, 0 = f*k - u. What is the units digit of c?
4
Let g = -7 + 3. Let z be 3 + (g - -1) - -96. Suppose 5*c - 5*n + 16 - z = 0, -5*n = c - 22. What is the tens digit of c?
1
Let u be 2/3 + (-226)/(-3). Let q be 1/3 + u/6. Let c = q + -8. What is the units digit of c?
5
Suppose -4*u + 40 = -36. What is the tens digit of (u - (0 + -1)) + -1?
1
Let b be 0/(2 - (-3)/(-3)). Suppose 37 = -5*a - 4*m, -m + b*m + 38 = -4*a. What is the units digit of (-3)/(-2 + a/(-6))?
6
Let c = -22 - -37. Let s = -8 + c. What is the units digit of s?
7
Let l be -29*3*(-2)/6. Let x = -13 + l. What is the units digit of ((-12)/x)/((-1)/8)?
6
Let g(c) = c + 12. Let v(y) = 12*y**2. Let r be v(-1). What is the tens digit of g(r)?
2
Suppose -4*p = -7*p + 9. Suppose 8 - 2 = -p*f, -x + 3*f + 41 = 0. What is the units digit of x?
5
Let a(s) = s**3 + 7*s**2 - 7*s + 11. Let k be a(-8). Suppose 0 = k*w + 2*w - 45. Let t = w - -6. What is the units digit of t?
5
Suppose -z + 14 = -3. Suppose -4*w + 19 = -z. What is the units digit of w?
9
Suppose -l + 2 = -2. Suppose 0*z - 4*z + 8 = 4*r, -l = 4*r. What is the units digit of z?
3
Let m(v) = v. Let x be m(-3). What is the units digit of x/((6/27)/(-2))?
7
Suppose 219*c - 217*c - 50 = 0. What is the tens digit of c?
2
Let d = 47 - 23. Suppose d = 6*h - 2*h. What is the units digit of h?
6
Suppose 0 = 5*c - 119 - 136. What is the tens digit of c?
5
Let z(v) = 24*v**2 - 6*v. What is the hundreds digit of z(-2)?
1
Suppose -i = -6*i. Suppose 5*y + 5*n + 5 = -i*y, 0 = y + 3*n + 9. What is the units digit of y?
3
Let j(y) = -19*y - 3. What is the tens digit of j(-3)?
5
What is the units digit of (-7 - 1)/(-1) + -4?
4
Suppose -n - 22 = -38. What is the tens digit of n?
1
What is the units digit of 251/((4/10)/(6/15))?
1
What is the units digit of 84*(2 - 8/6)?
6
What is the units digit of (-374)/(-4) + 90/(-36)?
1
Let l be ((-26)/(-6))/(3/(-9)). Suppose -y - 48 = -3*y. Let v = y + l. What is the units digit of v?
1
Let s be 1 + -1 - 14/7. Let p be 8 - (s/2 - 0). What is the units digit of (-2)/p + (-58)/(-18)?
3
Let y = 3 - -27. Suppose -9*w + y = -4*w. What is the units digit of w?
6
Let j be 0 + 0 + (-1 - -3). Suppose -j*y - 10 = -4*r, 5*r - 4*r + 11 = 5*y. Suppose l - 11 = -y. What is the units digit of l?
8
Suppose 0 = 6*h - 3*h. Let t(i) = -7*i + 4. Let j be t(-4). Suppose 0 = -o + 3*r + 23, -4*o - r - 2*r + j = h. What is the tens digit of o?
1
Let h = 3 - 2. Let r be 1 + -10 + -5 + 5. Let d = h - r. What is the tens digit of d?
1
Suppose 0 = -5*w - 2*y + 295, 236 = 4*w - 2*y - y. What is the units digit of w?
9
Let l be 3/9 + (-7)/3. Let w be l/6 + (-21)/(-9). Suppose 5*y - w = 3. What is the units digit of y?
1
Let x = -56 - -96. What is the units digit of x?
0
What is the tens digit of (168/49)/(1/7)?
2
Suppose 0 = -3*n - 0*n + 3. Let u(y) = y**3 - y**2 + 1. Let h(g) = 2*g**3 - 2*g**2 + 1. Let s(l) = -2*h(l) + 3*u(l). What is the units digit of s(n)?
1
Let m(z) = z**2 - z - 2. Let b(o) = o**2 + o - 4. Let l be b(-3). Let i be m(l). Suppose g + 3 - 4 = i. What is the units digit of g?
1
Let w = 126 - 69. Suppose -w = -4*y + 83. Suppose -4*f + 29 = -y. What is the tens digit of f?
1
Suppose -6*a + 2*a + 32 = 5*i, 4*a = -4*i + 24. What is the units digit of i?
8
Suppose p - 255 = -4*p - 5*w, 0 = -5*p - w + 239. What is the units digit of p?
7
Let w(x) = 117*x**2 + 2*x + 1. What is the hundreds digit of w(-1)?
1
Let g = 174 - 82. What is the tens digit of g?
9
Suppose -c + 2*u - 40 = -3*u, 0 = -u + 4. What is the units digit of (2 - 5)*c/12?
5
Let w(u) = 5*u**2 + 24*u + 7. What is the units digit of w(-9)?
6
Let d(h) = 3*h - 1. Let b(g) = -g**2 + 6*g - 4. Let j be b(5). Let y be d(j). Suppose k - y*s = 3, 0*s - 4*s + 29 = 3*k. What is the units digit of k?
7
Suppose -1 - 2 = -3*k. What is the units digit of k?
1
Let b(h) = -4 + 4*h + 0*h - 3*h - 3. Let z be b(7). Suppose z = x + 3*r - 24, 0 = -3*x + r - 7 + 29. What is the units digit of x?
9
Let k be (-2)/(-8) - 1/4. Let j = k - 0. Suppose j*n + 28 = 4*n. What is the units digit of n?
7
Let a = -29 + 50. Suppose 4*r = a + 11. Suppose -3*y = -r*y + 20. What is the units digit of y?
4
Suppose 0 = 2*w - 0*y - 2*y - 18, 3*y = -12. Suppose w*n - 4 = 6. Suppose 5*p - 3 = n. What is the units digit of p?
1
Suppose 2*a + 1 - 7 = 0. Suppose a*o + 9 = 3*n + 4*o, -5*n + 15 = -5*o. What is the units digit of n*(2 + (-1)/(-3))?
7
Let q(p) = -p**2 - p**3 + 4 + 3*p - 4*p + 0*p**2. Let r be q(0). Suppose -5*s - 59 = -r*y, 2*y + 3*s - 5 - 8 = 0. What is the units digit of y?
1
Let p be -2*(-2)/10*-5. Let q = -4 - p. What is the units digit of (1 + 0)/(q/(-8))?
4
Suppose 0 = 2*q - 7*q + 15. Suppose 0 = -2*w - q*w + 180. What is the units digit of w?
6
Let y(k) = -k**3 + 8*k**2 + 9*k + 13. Suppose -5*i + 29 = -3*i - 5*u, 0 = 3*i + 4*u - 101. Let c be 2*(-4)/((-24)/i). What is the tens digit of y(c)?
1
Let m = -8 + 15. Suppose f + 3*w = 19, -f + 45 = 4*f + 5*w. Suppose 5*u - 28 + m = -4*x, x + f*u = -3. What is the units digit of x?
9
Let k(i) = -5*i - 38. What is the tens digit of k(-12)?
2
Let j be (-2)/4 + (-5)/(-2). Suppose j*k - 28 = -4*q, -k + 0 = -3*q + 6. Let n = 9 - k. What is the units digit of n?
3
Let c be (-114)/(-27) - 6/27. Let z = -1 + c. What is the units digit of z?
3
Let g = 8 + 0. Let f = 17 - g. What is the units digit of f?
9
Let f(q) = q - 2. Let p(s) = -2*s + 5. Let v(a) = 14*f(a) + 6*p(a). Let l be v(-2). What is the tens digit of 13 + l - (1 + -1)?
1
Let p = 92 - -7. Suppose c = -2*d + 10 + 83, p = 2*d + 3*c. What is the tens digit of d?
4
Let l = -486 + 825. What is the units digit of l?
9
Let h(o) = 2*o**3 - o**2 - 2. Let f be h(-2). Let u be 4/f - 996/(-33). Let a = u - 18. What is the units digit of a?
2
Suppose 2*p - 335 = 5*o, 3*o + 2 = -7. What is the tens digit of p?
6
Let n(t) be the third derivative of -t**5/120 - t**4/3 + t**3/3 + 4*t**2. Let g(m) be the first derivative of n(m). What is the units digit of g(-9)?
1
Suppose 0*t = 4*t - 16. Let c(n) = 0*n + n**2 + n**3 + 3*n - t*n**2. What is the units digit of c(2)?
2
Let h be 2/(-3*(-3)/108). Suppose 3*q - h = q. What is the tens digit of q?
1
Let z(a) = a - 14. Let k be z(-6). Let f = -16 - k. What is the units digit of f?
4
Let p(o) = -o**2 - 13*o - 10. Let u be p(-10). Let h = u - 8. What is the tens digit of h?
1
Let c(o) = -o**2 - 15*o - 6. Suppose 10*b = 5*b - 55. What is the units digit of c(b)?
8
Let y = 24 + -17. Let u = 14 - y. Let c = u + -4. What is the units digit of c?
3
Let g(c) = -3*c**3 - 10*c**2 - c - 12. Let u(m) = -m**3 - 5*m**2 - 6. Let w(x) = -2*g(x) + 5*u(x). What is the units digit of w(5)?
4
Let k(i) = -i**3 - 8*i**2 - 9*i - 2. Let y(t) = t**3 + t**2 + 2*t + 1. Let a be y(-2). What is the tens di